{"id":2084,"date":"2026-04-13T11:39:43","date_gmt":"2026-04-13T08:39:43","guid":{"rendered":"https:\/\/www.lansirajanrasti.fi\/wordpress\/?page_id=2084"},"modified":"2026-04-14T09:05:15","modified_gmt":"2026-04-14T06:05:15","slug":"rajarastit-2026","status":"publish","type":"page","link":"http:\/\/www.lansirajanrasti.fi\/wordpress\/kuntosuunnistus\/rajarastit-2026\/","title":{"rendered":"Rajarastit 2026"},"content":{"rendered":"\n<p>Rajarastit j\u00e4rjestet\u00e4\u00e4n yhteisty\u00f6ss\u00e4 \u00d6IF:n kanssa kes\u00e4ll\u00e4 2026. Maastoon p\u00e4\u00e4see klo 18-19 v\u00e4lill\u00e4. Radat A, B ja C. Kartat ovat j\u00e4senille ja lapsille ilmaisia, muille 5 \u20ac. Rajarastitapahtumat l\u00f6yd\u00e4t my\u00f6s Irma-Rastilippu.fi -palvelusta. L\u00e4nRan j\u00e4rjest\u00e4mien tapahtumien tulokset ja v\u00e4liajat tulevat my\u00f6s Suunnistusliiton Irma-palveluun.<\/p>\n\n\n\n<figure class=\"wp-block-table\"><table><tbody><tr><td>P\u00e4iv\u00e4m\u00e4\u00e4r\u00e4<\/td><td>Kartan nimi<\/td><td>Tapahtuman lis\u00e4tieto<\/td><td>Tulokset<\/td><td>V\u00e4liajat<\/td><\/tr><tr><td>12.5.2026 <\/td><td>Ylitornio (sprinttikartta)<\/td><td>95600 Ylitornio, Alkkulanraitti 46<\/td><td><\/td><td><\/td><\/tr><tr><td>19.5.2026<\/td><td>S\u00e4rkivaara<\/td><td>95732 \u00d6vertorne\u00e5, Idrottsv\u00e4gen 23<\/td><td><\/td><td><\/td><\/tr><tr><td>26.5.2026<\/td><td>Poikkilahti<\/td><td>95615 Kainuunkyl\u00e4, Poikkilahti 4<\/td><td><\/td><td>&nbsp;<\/td><\/tr><tr><td>2.6.2026<\/td><td>Turovaara<\/td><td>95732 \u00d6vertorne\u00e5, Orjasj\u00e4rviv\u00e4gen<\/td><td><\/td><td>&nbsp;<\/td><\/tr><tr><td>9.6.2026<\/td><td>Aavasaksa<\/td><td>95620 Aavasaksa, Aavasaksanvaarantie 230<\/td><td><\/td><td><\/td><\/tr><tr><td>16.6.2026<\/td><td>Onkij\u00e4rvi<\/td><td>95732 \u00d6vertorne\u00e5, Ruskola 245<\/td><td><\/td><td>&nbsp;<\/td><\/tr><tr><td>23.6.2026<\/td><td>Laatas<\/td><td>95600 Ylitornio, Karemajojentie 144<\/td><td><\/td><td><\/td><\/tr><tr><td>30.6.2026<\/td><td>Orjasj\u00e4rvi<\/td><td>95732 \u00d6vertorne\u00e5, Orjasj\u00e4rviv\u00e4gen<\/td><td><\/td><td>&nbsp;<\/td><\/tr><tr><td>7.7.2026<\/td><td>Orjasj\u00e4rvi<\/td><td>95732 \u00d6vertorne\u00e5, Orjasj\u00e4rviv\u00e4gen<\/td><td><\/td><td><\/td><\/tr><tr><td>14.7.2026<\/td><td>Palovaara (kompassicup)<\/td><td>95600 Ylitornio Rajantie 183<\/td><td><\/td><td>&nbsp;<\/td><\/tr><tr><td>21.7.2026<\/td><td>Ylitornio<\/td><td>95600 Ylitornio, Alkkulanrinne 7<\/td><td><\/td><td>&nbsp;<\/td><\/tr><tr><td>28.7.2026<\/td><td>Kuivakangas<\/td><td>95792 \u00d6vertorne\u00e5, Kuivakangas<\/td><td><\/td><td>&nbsp;<\/td><\/tr><tr><td>4.8.2026<\/td><td>Huitaperi<\/td><td>95610 Kainuunkyl\u00e4, Huitaperintie<\/td><td><\/td><td><\/td><\/tr><tr><td>11.8.2026<\/td><td>Onkij\u00e4rvi<\/td><td>95732 \u00d6vertorne\u00e5, Ruskola 245<\/td><td><\/td><td>&nbsp;<\/td><\/tr><tr><td>11.9.2026<\/td><td>Ainiovaara (am-y\u00f6)<\/td><td>95600 Ylitornio, Karemajojentie 219<\/td><td><\/td><td>&nbsp;<\/td><\/tr><tr><td><\/td><td><\/td><td><\/td><td>&nbsp;<\/td><td>&nbsp;<\/td><\/tr><\/tbody><\/table><\/figure>\n","protected":false},"excerpt":{"rendered":"<p>Rajarastit j\u00e4rjestet\u00e4\u00e4n yhteisty\u00f6ss\u00e4 \u00d6IF:n kanssa kes\u00e4ll\u00e4 2026. Maastoon p\u00e4\u00e4see klo 18-19 v\u00e4lill\u00e4. Radat A, B ja C. Kartat ovat j\u00e4senille ja lapsille ilmaisia, muille 5 \u20ac. Rajarastitapahtumat l\u00f6yd\u00e4t my\u00f6s Irma-Rastilippu.fi -palvelusta. L\u00e4nRan j\u00e4rjest\u00e4mien tapahtumien tulokset ja v\u00e4liajat tulevat my\u00f6s Suunnistusliiton Irma-palveluun. P\u00e4iv\u00e4m\u00e4\u00e4r\u00e4 Kartan nimi Tapahtuman lis\u00e4tieto Tulokset V\u00e4liajat 12.5.2026 Ylitornio (sprinttikartta) 95600 Ylitornio, Alkkulanraitti 46\u2026 <span class=\"read-more\"><a href=\"http:\/\/www.lansirajanrasti.fi\/wordpress\/kuntosuunnistus\/rajarastit-2026\/\">Read More &raquo;<\/a><\/span><\/p>\n","protected":false},"author":3,"featured_media":0,"parent":22,"menu_order":0,"comment_status":"closed","ping_status":"closed","template":"","meta":{"footnotes":""},"_links":{"self":[{"href":"http:\/\/www.lansirajanrasti.fi\/wordpress\/wp-json\/wp\/v2\/pages\/2084"}],"collection":[{"href":"http:\/\/www.lansirajanrasti.fi\/wordpress\/wp-json\/wp\/v2\/pages"}],"about":[{"href":"http:\/\/www.lansirajanrasti.fi\/wordpress\/wp-json\/wp\/v2\/types\/page"}],"author":[{"embeddable":true,"href":"http:\/\/www.lansirajanrasti.fi\/wordpress\/wp-json\/wp\/v2\/users\/3"}],"replies":[{"embeddable":true,"href":"http:\/\/www.lansirajanrasti.fi\/wordpress\/wp-json\/wp\/v2\/comments?post=2084"}],"version-history":[{"count":3,"href":"http:\/\/www.lansirajanrasti.fi\/wordpress\/wp-json\/wp\/v2\/pages\/2084\/revisions"}],"predecessor-version":[{"id":2090,"href":"http:\/\/www.lansirajanrasti.fi\/wordpress\/wp-json\/wp\/v2\/pages\/2084\/revisions\/2090"}],"up":[{"embeddable":true,"href":"http:\/\/www.lansirajanrasti.fi\/wordpress\/wp-json\/wp\/v2\/pages\/22"}],"wp:attachment":[{"href":"http:\/\/www.lansirajanrasti.fi\/wordpress\/wp-json\/wp\/v2\/media?parent=2084"}],"curies":[{"name":"wp","href":"https:\/\/api.w.org\/{rel}","templated":true}]}}