{"id":1837,"date":"2023-05-05T08:52:00","date_gmt":"2023-05-05T05:52:00","guid":{"rendered":"http:\/\/www.lansirajanrasti.fi\/wordpress\/?page_id=1837"},"modified":"2024-04-03T14:50:20","modified_gmt":"2024-04-03T11:50:20","slug":"suunnistuskoulu-2","status":"publish","type":"page","link":"http:\/\/www.lansirajanrasti.fi\/wordpress\/suunnistuskoulu-2\/","title":{"rendered":"Suunnistuskoulu"},"content":{"rendered":"<p>Haluatko oppia liikkumaan mets\u00e4ss\u00e4? Oletko aina halunnut tiet\u00e4\u00e4, mit\u00e4 on kartan k\u00e4\u00e4nt\u00f6puolella? Meneek\u00f6 sinulla sormi suuhun, jos annetaan kartta k\u00e4teen?<\/p>\n<p>Nyt sinulla on mahdollisuus oppia liikkumaan mets\u00e4ss\u00e4, k\u00e4ytt\u00e4\u00e4 karttaa ja oppia lukemaankin sit\u00e4.<\/p>\n<p>Alle 8-vuotiaat voivat osallistua huoltajan kanssa. Isompienkin kanssa voivat vanhemmat olla mukana.<\/p>\n<p>P\u00e4iv\u00e4m\u00e4\u00e4r\u00e4t tulevat t\u00e4h\u00e4n kev\u00e4\u00e4n 2024 aikana&#8230;.<\/p>\n<p>Lis\u00e4tietoja Suvi Collin puh: 044-5323023 tai suvituulia.collin (at) gmail.com<\/p>\n","protected":false},"excerpt":{"rendered":"<p>Haluatko oppia liikkumaan mets\u00e4ss\u00e4? Oletko aina halunnut tiet\u00e4\u00e4, mit\u00e4 on kartan k\u00e4\u00e4nt\u00f6puolella? Meneek\u00f6 sinulla sormi suuhun, jos annetaan kartta k\u00e4teen? Nyt sinulla on mahdollisuus oppia liikkumaan mets\u00e4ss\u00e4, k\u00e4ytt\u00e4\u00e4 karttaa ja oppia lukemaankin sit\u00e4. Alle 8-vuotiaat voivat osallistua huoltajan kanssa. Isompienkin kanssa voivat vanhemmat olla mukana. P\u00e4iv\u00e4m\u00e4\u00e4r\u00e4t tulevat t\u00e4h\u00e4n kev\u00e4\u00e4n 2024 aikana&#8230;. Lis\u00e4tietoja Suvi Collin puh:\u2026 <span class=\"read-more\"><a href=\"http:\/\/www.lansirajanrasti.fi\/wordpress\/suunnistuskoulu-2\/\">Read More &raquo;<\/a><\/span><\/p>\n","protected":false},"author":3,"featured_media":0,"parent":0,"menu_order":0,"comment_status":"closed","ping_status":"closed","template":"","meta":{"footnotes":""},"_links":{"self":[{"href":"http:\/\/www.lansirajanrasti.fi\/wordpress\/wp-json\/wp\/v2\/pages\/1837"}],"collection":[{"href":"http:\/\/www.lansirajanrasti.fi\/wordpress\/wp-json\/wp\/v2\/pages"}],"about":[{"href":"http:\/\/www.lansirajanrasti.fi\/wordpress\/wp-json\/wp\/v2\/types\/page"}],"author":[{"embeddable":true,"href":"http:\/\/www.lansirajanrasti.fi\/wordpress\/wp-json\/wp\/v2\/users\/3"}],"replies":[{"embeddable":true,"href":"http:\/\/www.lansirajanrasti.fi\/wordpress\/wp-json\/wp\/v2\/comments?post=1837"}],"version-history":[{"count":4,"href":"http:\/\/www.lansirajanrasti.fi\/wordpress\/wp-json\/wp\/v2\/pages\/1837\/revisions"}],"predecessor-version":[{"id":1926,"href":"http:\/\/www.lansirajanrasti.fi\/wordpress\/wp-json\/wp\/v2\/pages\/1837\/revisions\/1926"}],"wp:attachment":[{"href":"http:\/\/www.lansirajanrasti.fi\/wordpress\/wp-json\/wp\/v2\/media?parent=1837"}],"curies":[{"name":"wp","href":"https:\/\/api.w.org\/{rel}","templated":true}]}}