{"id":1725,"date":"2022-04-28T09:05:02","date_gmt":"2022-04-28T06:05:02","guid":{"rendered":"http:\/\/www.lansirajanrasti.fi\/wordpress\/?page_id=1725"},"modified":"2025-04-13T13:28:00","modified_gmt":"2025-04-13T10:28:00","slug":"rajarastit-2022","status":"publish","type":"page","link":"http:\/\/www.lansirajanrasti.fi\/wordpress\/kuntosuunnistus\/arkisto\/rajarastit-2022\/","title":{"rendered":"Rajarastit 2022"},"content":{"rendered":"<p>Ylitornion rajarastit alkavat toukokuussa Korttelirasteilla kyl\u00e4n kartalla. Mets\u00e4suunnistukset alkavat 17.5 Ruotsissa.<\/p>\n<p>L\u00e4nRan Rajarastien rastilippujen paikalle laitetaan maastoon merkkinauha. Karttoja saa rajarastien j\u00e4lkeen K-Supermarketin aulasta, jossa on infopiste,<br \/>\nohjeet, materiaali ja sijaintikartta.<\/p>\n<p>Kartat ovat j\u00e4senille ja lapsille ilmaisia ja muuten 5 \u20ac.<\/p>\n<p>Alustava ohjelma:<\/p>\n<p>10.5.2022\u00a0 \u00a0 L\u00e4nRa,\u00a0 Ylitornion keskusta <a href=\"http:\/\/www.lansirajanrasti.fi\/wordpress\/wp-content\/uploads\/2022\/06\/Rajarastit.docx\">tulokset<\/a><br \/>\n17.5.2022\u00a0 \u00a0 \u00d6IF, S\u00e4rkivaara <a href=\"http:\/\/www.lansirajanrasti.fi\/wordpress\/wp-content\/uploads\/2022\/06\/Grk220517.html\">Tulokset<\/a> ja <a href=\"http:\/\/www.lansirajanrasti.fi\/wordpress\/wp-content\/uploads\/2022\/06\/Grk220517str.html\">V\u00e4liajat<\/a><br \/>\n24.5.2022\u00a0 \u00a0L\u00e4nRa,\u00a0 Poikkilahti <a href=\"http:\/\/www.lansirajanrasti.fi\/wordpress\/wp-content\/uploads\/2022\/06\/Poikkilahti-24.05.2022.docx\">Tulokset<\/a><br \/>\n31.5.2022\u00a0 \u00a0\u00d6IF, Koivukyl\u00e4 <a href=\"http:\/\/www.lansirajanrasti.fi\/wordpress\/wp-content\/uploads\/2022\/06\/grk220531.htm\">Tulokset<\/a> ja <a href=\"http:\/\/www.lansirajanrasti.fi\/wordpress\/wp-content\/uploads\/2022\/06\/grk220531str.htm\">V\u00e4liajat<\/a><br \/>\n7.6.2022\u00a0 \u00a0 L\u00e4nRa,\u00a0 Ainiovaara <a href=\"https:\/\/www.rastilippu.fi\/kuntorastit\/tapahtuma\/c2f6d948-1bb3-49cc-aad5-d4fd9a0dc0d3\/tulokset\/3fdd3043-38d1-449b-9ebe-3fc4f0d74768\">Tulokset ja v\u00e4liajat<\/a><br \/>\n14.6.2022\u00a0 \u00a0L\u00e4nRa,\u00a0 Palovaara <a href=\"https:\/\/www.rastilippu.fi\/kuntorastit\/tapahtuma\/f7afd1b3-7020-4817-a3e9-e345e26eeb71\/tulokset\/dbfd7e0b-548d-4fc0-86d3-b8a3a408d6bd\">Tulokset ja v\u00e4liajat<\/a><br \/>\n21.6.2022\u00a0 \u00a0\u00d6IF, Kuivakangas\u00a0<a href=\"http:\/\/www.lansirajanrasti.fi\/wordpress\/wp-content\/uploads\/2022\/07\/grk220621.htm\">Tulokset<\/a>\u00a0ja <a href=\"http:\/\/www.lansirajanrasti.fi\/wordpress\/wp-content\/uploads\/2022\/07\/grk220621str.htm\">V\u00e4liajat<\/a><br \/>\n28.6.2022\u00a0 \u00a0\u00d6IF, Kuivakangas Ruotsi <a href=\"http:\/\/www.lansirajanrasti.fi\/wordpress\/wp-content\/uploads\/2022\/06\/TrA\u00a4ningsorientering-28-juni-2022.docx\">Tulokset<\/a><br \/>\n5.7.2022\u00a0 \u00a0 \u00d6IF, Riekkola Ruotsi<br \/>\n12.7.2022\u00a0 \u00a0L\u00e4nRa, Aavasaksa <a href=\"http:\/\/www.lansirajanrasti.fi\/wordpress\/wp-content\/uploads\/2022\/07\/tulokset12.7.2022.pdf\">Tulokset<\/a><br \/>\n19.7.2022\u00a0 \u00a0\u00d6IF, Bredvigsheden Ruotsi<br \/>\n26.7.2022\u00a0 \u00a0L\u00e4nRa, Kauliranta <a href=\"http:\/\/www.lansirajanrasti.fi\/wordpress\/wp-content\/uploads\/2022\/07\/kaulinpA\u00a4A\u00a4nrastit.pdf\">Osallistujat<\/a><br \/>\n2.8.2022\u00a0 \u00a0\u00d6IF, Onkij\u00e4rvi Ruotsi <a href=\"http:\/\/www.lansirajanrasti.fi\/wordpress\/wp-content\/uploads\/2022\/08\/grk220802.htm\">Tulokset<\/a> <a href=\"http:\/\/www.lansirajanrasti.fi\/wordpress\/wp-content\/uploads\/2022\/08\/grk220802str.htm\">V\u00e4liajat<\/a><br \/>\n9.8.2022\u00a0 \u00a0L\u00e4nRa, Laatas Ainiovaara\u00a0<a href=\"https:\/\/www.rastilippu.fi\/kuntorastit\/tapahtuma\/7015a3fb-9ea0-4d46-a117-898075aec0b2\/tulokset\/4d42ba6c-0373-4dad-8279-48dc6e096012\">Tulokset ja v\u00e4liajat<\/a><br \/>\n16.8.2022\u00a0 \u00a0\u00d6IF, Nikkala Ruotsi<br \/>\n23.8.2022\u00a0 \u00a0L\u00e4nRa,\u00a0 Ainiovaara<a href=\"https:\/\/www.rastilippu.fi\/kuntorastit\/tapahtuma\/863c1b93-3e40-4df1-9b9b-7f99188a3e49\/tulokset\/76b2cb1f-c4f2-4aa1-8eac-43d0d2b950bc\">tulokset ja v\u00e4liajat<\/a><br \/>\n30.8.2022\u00a0 \u00a0\u00d6IF, Isovaara Ruotsi <a href=\"http:\/\/www.lansirajanrasti.fi\/wordpress\/wp-content\/uploads\/2022\/08\/grk220830.htm\">tulokset\u00a0 <\/a><a href=\"http:\/\/www.lansirajanrasti.fi\/wordpress\/wp-content\/uploads\/2022\/08\/grk220830str.htm\">v\u00e4liajat<\/a><\/p>\n<p>2.9. 2022 \u00d6IF, y\u00f6suunnistus,<\/p>\n","protected":false},"excerpt":{"rendered":"<p>Ylitornion rajarastit alkavat toukokuussa Korttelirasteilla kyl\u00e4n kartalla. Mets\u00e4suunnistukset alkavat 17.5 Ruotsissa. L\u00e4nRan Rajarastien rastilippujen paikalle laitetaan maastoon merkkinauha. Karttoja saa rajarastien j\u00e4lkeen K-Supermarketin aulasta, jossa on infopiste, ohjeet, materiaali ja sijaintikartta. Kartat ovat j\u00e4senille ja lapsille ilmaisia ja muuten 5 \u20ac. Alustava ohjelma: 10.5.2022\u00a0 \u00a0 L\u00e4nRa,\u00a0 Ylitornion keskusta tulokset 17.5.2022\u00a0 \u00a0 \u00d6IF, S\u00e4rkivaara Tulokset ja\u2026 <span class=\"read-more\"><a href=\"http:\/\/www.lansirajanrasti.fi\/wordpress\/kuntosuunnistus\/arkisto\/rajarastit-2022\/\">Read More &raquo;<\/a><\/span><\/p>\n","protected":false},"author":3,"featured_media":0,"parent":61,"menu_order":1,"comment_status":"closed","ping_status":"closed","template":"","meta":{"footnotes":""},"_links":{"self":[{"href":"http:\/\/www.lansirajanrasti.fi\/wordpress\/wp-json\/wp\/v2\/pages\/1725"}],"collection":[{"href":"http:\/\/www.lansirajanrasti.fi\/wordpress\/wp-json\/wp\/v2\/pages"}],"about":[{"href":"http:\/\/www.lansirajanrasti.fi\/wordpress\/wp-json\/wp\/v2\/types\/page"}],"author":[{"embeddable":true,"href":"http:\/\/www.lansirajanrasti.fi\/wordpress\/wp-json\/wp\/v2\/users\/3"}],"replies":[{"embeddable":true,"href":"http:\/\/www.lansirajanrasti.fi\/wordpress\/wp-json\/wp\/v2\/comments?post=1725"}],"version-history":[{"count":27,"href":"http:\/\/www.lansirajanrasti.fi\/wordpress\/wp-json\/wp\/v2\/pages\/1725\/revisions"}],"predecessor-version":[{"id":1810,"href":"http:\/\/www.lansirajanrasti.fi\/wordpress\/wp-json\/wp\/v2\/pages\/1725\/revisions\/1810"}],"up":[{"embeddable":true,"href":"http:\/\/www.lansirajanrasti.fi\/wordpress\/wp-json\/wp\/v2\/pages\/61"}],"wp:attachment":[{"href":"http:\/\/www.lansirajanrasti.fi\/wordpress\/wp-json\/wp\/v2\/media?parent=1725"}],"curies":[{"name":"wp","href":"https:\/\/api.w.org\/{rel}","templated":true}]}}